{"id":983,"date":"2017-02-26T18:31:22","date_gmt":"2017-02-26T17:31:22","guid":{"rendered":"http:\/\/www.pgddobje.si\/?page_id=983"},"modified":"2017-02-26T18:31:37","modified_gmt":"2017-02-26T17:31:37","slug":"obnova-gasilskega-doma-in-gradnja-prizidka-2014","status":"publish","type":"page","link":"https:\/\/www.pgddobje.si\/?page_id=983","title":{"rendered":"Obnova gasilskega doma  in gradnja prizidka (2014)"},"content":{"rendered":"<p>Gasilci PDG Dobje so se \u017ee dlje \u010dasa soo\u010dali s prostorsko stisko, hkrati pa jih je tudi zakonodaja z novimi predpisi silila k preureditvi in raz\u0161iritvi prostorov, zato so v ta namen kar nekaj let var\u010devali in ob\u010dino opozarjali na nujnost novih prostorov. V letu 2014 so se odlo\u010dili, da bodo s \u0161iritvijo in obnovo gasilskega doma tudi dejansko za\u010deli. V ta namen je bil ustanovljen upravni odbor, ki je bdel nad potrebnimi nalo\u017ebami, na\u010drtovanjem in izvajanjem gradbenih del. \u010clani upravnega odbora so Branko Udu\u010d, ki je predsednik odbora, Helena Volasko, Branko Bezgov\u0161ek, Franci Leskov\u0161ek, Janez Leskov\u0161ek, Du\u0161an Planko in David Joki\u0107. Z gradnjo prizidka so za\u010deli v jesenskih mesecih. Prvotno so na\u010drtovali le dograditev obstoje\u010dega objekta in ureditev notranjih prostorov ter utrditev in asfaltiranje parkiri\u0161\u010da. Po za\u010detnih delih pa so se porodile nove ideja o prenovi starega dela gasilskega doma: obnoviti streho, dvorano, tla ter stari in dozidani del preoble\u010di z novo izolacijsko fasado. Gradbena dela so izvajala podjetja GIC gradnje, d. o. o., iz Roga\u0161ke Slatine, Ale\u0161 Krajnc, Monta\u017ee stavbnega pohi\u0161tva, s. p., iz Paridola in Gradbena mehanizacija Ferdinand Hercog, s. p., iz Tev\u010d pri La\u0161kem.<a href=\"http:\/\/www.pgddobje.si\/wp-content\/uploads\/2017\/02\/dom1.jpg\"><br \/>\n<\/a><\/p>\n<div id=\"attachment_952\" style=\"width: 970px\" class=\"wp-caption aligncenter\"><a href=\"http:\/\/www.pgddobje.si\/wp-content\/uploads\/2017\/02\/Temeljni-del-novega-prizidka.jpg\"><img loading=\"lazy\" decoding=\"async\" aria-describedby=\"caption-attachment-952\" class=\"size-full wp-image-952\" src=\"http:\/\/www.pgddobje.si\/wp-content\/uploads\/2017\/02\/Temeljni-del-novega-prizidka.jpg\" alt=\"Temeljni del novega prizidka\" width=\"960\" height=\"720\" srcset=\"https:\/\/www.pgddobje.si\/wp-content\/uploads\/2017\/02\/Temeljni-del-novega-prizidka.jpg 960w, https:\/\/www.pgddobje.si\/wp-content\/uploads\/2017\/02\/Temeljni-del-novega-prizidka-300x225.jpg 300w, https:\/\/www.pgddobje.si\/wp-content\/uploads\/2017\/02\/Temeljni-del-novega-prizidka-768x576.jpg 768w\" sizes=\"auto, (max-width: 960px) 100vw, 960px\" \/><\/a><p id=\"caption-attachment-952\" class=\"wp-caption-text\">Temeljni del novega prizidka<\/p><\/div>\n<div id=\"attachment_950\" style=\"width: 710px\" class=\"wp-caption aligncenter\"><a href=\"http:\/\/www.pgddobje.si\/wp-content\/uploads\/2017\/02\/Prizidek-k-domu-bo-kmalu-kon\u010dan.jpg\"><img loading=\"lazy\" decoding=\"async\" aria-describedby=\"caption-attachment-950\" class=\"size-large wp-image-950\" src=\"http:\/\/www.pgddobje.si\/wp-content\/uploads\/2017\/02\/Prizidek-k-domu-bo-kmalu-kon\u010dan-1024x703.jpg\" alt=\"Prizidek k domu bo kmalu kon\u010dan\" width=\"700\" height=\"481\" srcset=\"https:\/\/www.pgddobje.si\/wp-content\/uploads\/2017\/02\/Prizidek-k-domu-bo-kmalu-kon\u010dan-1024x703.jpg 1024w, https:\/\/www.pgddobje.si\/wp-content\/uploads\/2017\/02\/Prizidek-k-domu-bo-kmalu-kon\u010dan-300x206.jpg 300w, https:\/\/www.pgddobje.si\/wp-content\/uploads\/2017\/02\/Prizidek-k-domu-bo-kmalu-kon\u010dan-768x527.jpg 768w\" sizes=\"auto, (max-width: 700px) 100vw, 700px\" \/><\/a><p id=\"caption-attachment-950\" class=\"wp-caption-text\">Prizidek k domu bo kmalu kon\u010dan<\/p><\/div>\n<div id=\"attachment_949\" style=\"width: 730px\" class=\"wp-caption aligncenter\"><a href=\"http:\/\/www.pgddobje.si\/wp-content\/uploads\/2017\/02\/Prekrivanje-strehe-.jpg\"><img loading=\"lazy\" decoding=\"async\" aria-describedby=\"caption-attachment-949\" class=\"size-full wp-image-949\" src=\"http:\/\/www.pgddobje.si\/wp-content\/uploads\/2017\/02\/Prekrivanje-strehe-.jpg\" alt=\"Na\u0161i gasilci prekrivajo streho\" width=\"720\" height=\"960\" srcset=\"https:\/\/www.pgddobje.si\/wp-content\/uploads\/2017\/02\/Prekrivanje-strehe-.jpg 720w, https:\/\/www.pgddobje.si\/wp-content\/uploads\/2017\/02\/Prekrivanje-strehe--225x300.jpg 225w\" sizes=\"auto, (max-width: 720px) 100vw, 720px\" \/><\/a><p id=\"caption-attachment-949\" class=\"wp-caption-text\">Na\u0161i gasilci prekrivajo streho<\/p><\/div>\n<div id=\"attachment_944\" style=\"width: 710px\" class=\"wp-caption aligncenter\"><a href=\"http:\/\/www.pgddobje.si\/wp-content\/uploads\/2017\/02\/Doma\u010di-gasilci-PGD-urejajo-dvorano.jpg\"><img loading=\"lazy\" decoding=\"async\" aria-describedby=\"caption-attachment-944\" class=\"size-large wp-image-944\" src=\"http:\/\/www.pgddobje.si\/wp-content\/uploads\/2017\/02\/Doma\u010di-gasilci-PGD-urejajo-dvorano-1024x768.jpg\" alt=\"Doma\u010di gasilci izvajajo zaklju\u010dna dela v dvorani\" width=\"700\" height=\"525\" srcset=\"https:\/\/www.pgddobje.si\/wp-content\/uploads\/2017\/02\/Doma\u010di-gasilci-PGD-urejajo-dvorano.jpg 1024w, https:\/\/www.pgddobje.si\/wp-content\/uploads\/2017\/02\/Doma\u010di-gasilci-PGD-urejajo-dvorano-300x225.jpg 300w, https:\/\/www.pgddobje.si\/wp-content\/uploads\/2017\/02\/Doma\u010di-gasilci-PGD-urejajo-dvorano-768x576.jpg 768w\" sizes=\"auto, (max-width: 700px) 100vw, 700px\" \/><\/a><p id=\"caption-attachment-944\" class=\"wp-caption-text\">Doma\u010di gasilci izvajajo zaklju\u010dna dela v dvorani<\/p><\/div>\n<div id=\"attachment_945\" style=\"width: 710px\" class=\"wp-caption aligncenter\"><a href=\"http:\/\/www.pgddobje.si\/wp-content\/uploads\/2017\/02\/N-sliki-Podoba-dobja-Sveti-Florjan-bdi-zavetnik.jpg\"><img loading=\"lazy\" decoding=\"async\" aria-describedby=\"caption-attachment-945\" class=\"size-large wp-image-945\" src=\"http:\/\/www.pgddobje.si\/wp-content\/uploads\/2017\/02\/N-sliki-Podoba-dobja-Sveti-Florjan-bdi-zavetnik-858x1024.jpg\" alt=\"Na sliki Dobje z za\u0161\u010ditnikom sv. Florjanom\" width=\"700\" height=\"835\" srcset=\"https:\/\/www.pgddobje.si\/wp-content\/uploads\/2017\/02\/N-sliki-Podoba-dobja-Sveti-Florjan-bdi-zavetnik-858x1024.jpg 858w, https:\/\/www.pgddobje.si\/wp-content\/uploads\/2017\/02\/N-sliki-Podoba-dobja-Sveti-Florjan-bdi-zavetnik-251x300.jpg 251w, https:\/\/www.pgddobje.si\/wp-content\/uploads\/2017\/02\/N-sliki-Podoba-dobja-Sveti-Florjan-bdi-zavetnik-768x916.jpg 768w\" sizes=\"auto, (max-width: 700px) 100vw, 700px\" \/><\/a><p id=\"caption-attachment-945\" class=\"wp-caption-text\">Na sliki Dobje z za\u0161\u010ditnikom sv. Florjanom<\/p><\/div>\n<div id=\"attachment_956\" style=\"width: 710px\" class=\"wp-caption aligncenter\"><a href=\"http:\/\/www.pgddobje.si\/wp-content\/uploads\/2017\/02\/\u010clani-v-delovni-akciji.jpg\"><img loading=\"lazy\" decoding=\"async\" aria-describedby=\"caption-attachment-956\" class=\"size-large wp-image-956\" src=\"http:\/\/www.pgddobje.si\/wp-content\/uploads\/2017\/02\/\u010clani-v-delovni-akciji-1024x768.jpg\" alt=\"\u010clani PGD Dobje v delovni vnemi\" width=\"700\" height=\"525\" srcset=\"https:\/\/www.pgddobje.si\/wp-content\/uploads\/2017\/02\/\u010clani-v-delovni-akciji.jpg 1024w, https:\/\/www.pgddobje.si\/wp-content\/uploads\/2017\/02\/\u010clani-v-delovni-akciji-300x225.jpg 300w, https:\/\/www.pgddobje.si\/wp-content\/uploads\/2017\/02\/\u010clani-v-delovni-akciji-768x576.jpg 768w\" sizes=\"auto, (max-width: 700px) 100vw, 700px\" \/><\/a><p id=\"caption-attachment-956\" class=\"wp-caption-text\">\u010clani PGD Dobje v delovni vnemi<\/p><\/div>\n<div id=\"attachment_951\" style=\"width: 710px\" class=\"wp-caption aligncenter\"><a href=\"http:\/\/www.pgddobje.si\/wp-content\/uploads\/2017\/02\/Prvi-sestanek-v-novi-dvorani.jpg\"><img loading=\"lazy\" decoding=\"async\" aria-describedby=\"caption-attachment-951\" class=\"size-large wp-image-951\" src=\"http:\/\/www.pgddobje.si\/wp-content\/uploads\/2017\/02\/Prvi-sestanek-v-novi-dvorani-1024x599.jpg\" alt=\"Prvi sestanek v novi dvorani\" width=\"700\" height=\"409\" srcset=\"https:\/\/www.pgddobje.si\/wp-content\/uploads\/2017\/02\/Prvi-sestanek-v-novi-dvorani.jpg 1024w, https:\/\/www.pgddobje.si\/wp-content\/uploads\/2017\/02\/Prvi-sestanek-v-novi-dvorani-300x175.jpg 300w, https:\/\/www.pgddobje.si\/wp-content\/uploads\/2017\/02\/Prvi-sestanek-v-novi-dvorani-768x449.jpg 768w\" sizes=\"auto, (max-width: 700px) 100vw, 700px\" \/><\/a><p id=\"caption-attachment-951\" class=\"wp-caption-text\">Prvi sestanek v novi dvorani<\/p><\/div>\n<div id=\"attachment_953\" style=\"width: 710px\" class=\"wp-caption aligncenter\"><a href=\"http:\/\/www.pgddobje.si\/wp-content\/uploads\/2017\/02\/Urejanje-notranjih-prostorov.jpg\"><img loading=\"lazy\" decoding=\"async\" aria-describedby=\"caption-attachment-953\" class=\"size-large wp-image-953\" src=\"http:\/\/www.pgddobje.si\/wp-content\/uploads\/2017\/02\/Urejanje-notranjih-prostorov-1024x768.jpg\" alt=\"Lepo urejeni notranji prostori\" width=\"700\" height=\"525\" srcset=\"https:\/\/www.pgddobje.si\/wp-content\/uploads\/2017\/02\/Urejanje-notranjih-prostorov-1024x768.jpg 1024w, https:\/\/www.pgddobje.si\/wp-content\/uploads\/2017\/02\/Urejanje-notranjih-prostorov-300x225.jpg 300w, https:\/\/www.pgddobje.si\/wp-content\/uploads\/2017\/02\/Urejanje-notranjih-prostorov-768x576.jpg 768w\" sizes=\"auto, (max-width: 700px) 100vw, 700px\" \/><\/a><p id=\"caption-attachment-953\" class=\"wp-caption-text\">Lepo urejeni notranji prostori<\/p><\/div>\n<div id=\"attachment_946\" style=\"width: 710px\" class=\"wp-caption aligncenter\"><a href=\"http:\/\/www.pgddobje.si\/wp-content\/uploads\/2017\/02\/Novi-dom-v-zimski-idili.jpg\"><img loading=\"lazy\" decoding=\"async\" aria-describedby=\"caption-attachment-946\" class=\"size-large wp-image-946\" src=\"http:\/\/www.pgddobje.si\/wp-content\/uploads\/2017\/02\/Novi-dom-v-zimski-idili-1024x831.jpg\" alt=\"Novi dom v zimski idili\" width=\"700\" height=\"568\" srcset=\"https:\/\/www.pgddobje.si\/wp-content\/uploads\/2017\/02\/Novi-dom-v-zimski-idili-1024x831.jpg 1024w, https:\/\/www.pgddobje.si\/wp-content\/uploads\/2017\/02\/Novi-dom-v-zimski-idili-300x243.jpg 300w, https:\/\/www.pgddobje.si\/wp-content\/uploads\/2017\/02\/Novi-dom-v-zimski-idili-768x623.jpg 768w\" sizes=\"auto, (max-width: 700px) 100vw, 700px\" \/><\/a><p id=\"caption-attachment-946\" class=\"wp-caption-text\">Novi dom v zimski idili<\/p><\/div>\n<div id=\"attachment_954\" style=\"width: 710px\" class=\"wp-caption aligncenter\"><a href=\"http:\/\/www.pgddobje.si\/wp-content\/uploads\/2017\/02\/Urejeno-dvori\u0161\u010de-parkirnimi-prostori.jpg\"><img loading=\"lazy\" decoding=\"async\" aria-describedby=\"caption-attachment-954\" class=\"size-large wp-image-954\" src=\"http:\/\/www.pgddobje.si\/wp-content\/uploads\/2017\/02\/Urejeno-dvori\u0161\u010de-parkirnimi-prostori-1024x522.jpg\" alt=\"Urejeno dvori\u0161\u010de s parkirnimi prostori\" width=\"700\" height=\"357\" srcset=\"https:\/\/www.pgddobje.si\/wp-content\/uploads\/2017\/02\/Urejeno-dvori\u0161\u010de-parkirnimi-prostori-1024x522.jpg 1024w, https:\/\/www.pgddobje.si\/wp-content\/uploads\/2017\/02\/Urejeno-dvori\u0161\u010de-parkirnimi-prostori-300x153.jpg 300w, https:\/\/www.pgddobje.si\/wp-content\/uploads\/2017\/02\/Urejeno-dvori\u0161\u010de-parkirnimi-prostori-768x391.jpg 768w\" sizes=\"auto, (max-width: 700px) 100vw, 700px\" \/><\/a><p id=\"caption-attachment-954\" class=\"wp-caption-text\">Urejeno dvori\u0161\u010de s parkirnimi prostori<\/p><\/div>\n<p><a href=\"http:\/\/www.pgddobje.si\/wp-content\/uploads\/2017\/02\/Platnica.jpg\"><img loading=\"lazy\" decoding=\"async\" class=\"aligncenter size-large wp-image-947\" src=\"http:\/\/www.pgddobje.si\/wp-content\/uploads\/2017\/02\/Platnica-1024x588.jpg\" alt=\"\" width=\"700\" height=\"402\" srcset=\"https:\/\/www.pgddobje.si\/wp-content\/uploads\/2017\/02\/Platnica-1024x588.jpg 1024w, https:\/\/www.pgddobje.si\/wp-content\/uploads\/2017\/02\/Platnica-300x172.jpg 300w, https:\/\/www.pgddobje.si\/wp-content\/uploads\/2017\/02\/Platnica-768x441.jpg 768w\" sizes=\"auto, (max-width: 700px) 100vw, 700px\" \/><\/a><a href=\"http:\/\/www.pgddobje.si\/wp-content\/uploads\/2017\/02\/Platnica1.jpg\"><img loading=\"lazy\" decoding=\"async\" class=\"aligncenter size-large wp-image-948\" src=\"http:\/\/www.pgddobje.si\/wp-content\/uploads\/2017\/02\/Platnica1-1024x700.jpg\" alt=\"\" width=\"700\" height=\"479\" srcset=\"https:\/\/www.pgddobje.si\/wp-content\/uploads\/2017\/02\/Platnica1-1024x700.jpg 1024w, https:\/\/www.pgddobje.si\/wp-content\/uploads\/2017\/02\/Platnica1-300x205.jpg 300w, https:\/\/www.pgddobje.si\/wp-content\/uploads\/2017\/02\/Platnica1-768x525.jpg 768w\" sizes=\"auto, (max-width: 700px) 100vw, 700px\" \/><\/a><\/p>\n","protected":false},"excerpt":{"rendered":"<p>Gasilci PDG Dobje so se \u017ee dlje \u010dasa soo\u010dali s prostorsko stisko, hkrati pa jih je tudi zakonodaja z novimi predpisi silila k preureditvi in raz\u0161iritvi prostorov, zato so v ta namen kar nekaj let var\u010devali in ob\u010dino opozarjali na&hellip; <\/p>\n","protected":false},"author":1,"featured_media":0,"parent":858,"menu_order":0,"comment_status":"closed","ping_status":"closed","template":"","meta":{"ngg_post_thumbnail":0,"footnotes":""},"class_list":["post-983","page","type-page","status-publish","hentry"],"_links":{"self":[{"href":"https:\/\/www.pgddobje.si\/index.php?rest_route=\/wp\/v2\/pages\/983","targetHints":{"allow":["GET"]}}],"collection":[{"href":"https:\/\/www.pgddobje.si\/index.php?rest_route=\/wp\/v2\/pages"}],"about":[{"href":"https:\/\/www.pgddobje.si\/index.php?rest_route=\/wp\/v2\/types\/page"}],"author":[{"embeddable":true,"href":"https:\/\/www.pgddobje.si\/index.php?rest_route=\/wp\/v2\/users\/1"}],"replies":[{"embeddable":true,"href":"https:\/\/www.pgddobje.si\/index.php?rest_route=%2Fwp%2Fv2%2Fcomments&post=983"}],"version-history":[{"count":1,"href":"https:\/\/www.pgddobje.si\/index.php?rest_route=\/wp\/v2\/pages\/983\/revisions"}],"predecessor-version":[{"id":984,"href":"https:\/\/www.pgddobje.si\/index.php?rest_route=\/wp\/v2\/pages\/983\/revisions\/984"}],"up":[{"embeddable":true,"href":"https:\/\/www.pgddobje.si\/index.php?rest_route=\/wp\/v2\/pages\/858"}],"wp:attachment":[{"href":"https:\/\/www.pgddobje.si\/index.php?rest_route=%2Fwp%2Fv2%2Fmedia&parent=983"}],"curies":[{"name":"wp","href":"https:\/\/api.w.org\/{rel}","templated":true}]}}